s divided by 1994?
1893
What is the remainder when 1081933198 is divided by 81?
79
Calculate the remainder when 3577201 is divided by 637.
446
What is the remainder when 2466113 is divided by 471?
428
What is the remainder when 989855 is divided by 2281?
2182
What is the remainder when 36011409 is divided by 1565711?
56
What is the remainder when 1737419 is divided by 579117?
68
Calculate the remainder when 290229479 is divided by 28.
15
What is the remainder when 104004654 is divided by 216?
6
Calculate the remainder when 992017 is divided by 6.
1
Calculate the remainder when 80152 is divided by 102.
82
What is the remainder when 7260703 is divided by 1092?
1087
What is the remainder when 21144314 is divided by 123?
122
What is the remainder when 8340604 is divided by 11?
8
Calculate the remainder when 75409 is divided by 15072.
49
Calculate the remainder when 2463483 is divided by 615835.
143
What is the remainder when 300466 is divided by 17672?
42
What is the remainder when 11618341 is divided by 69?
52
What is the remainder when 71153 is divided by 4729?
218
What is the remainder when 98896239 is divided by 3815?
3809
Calculate the remainder when 1495039 is divided by 373757.
11
What is the remainder when 61307 is divided by 3818?
219
What is the remainder when 5162827 is divided by 36?
31
What is the remainder when 2610085 is divided by 76763?
143
What is the remainder when 512169 is divided by 5391?
24
Calculate the remainder when 34222713 is divided by 17111331.
51
Calculate the remainder when 228659 is divided by 1765.
974
What is the remainder when 7744300 is divided by 5?
0
Calculate the remainder when 280886 is divided by 25496.
430
What is the remainder when 1850682 is divided by 2856?
2850
Calculate the remainder when 2736669 is divided by 211.
210
Calculate the remainder when 6184645 is divided by 2061435.
340
Calculate the remainder when 11019353 is divided by 40.
33
What is the remainder when 3228067 is divided by 15?
7
What is the remainder when 591830112 is divided by 62?
60
Calculate the remainder when 62819 is divided by 502.
69
What is the remainder when 608339 is divided by 878?
763
What is the remainder when 757238 is divided by 1260?
1238
What is the remainder when 5307845 is divided by 1326904?
229
Calculate the remainder when 189845232 is divided by 31604.
4
What is the remainder when 21305 is divided by 16720?
4585
What is the remainder when 4494039 is divided by 91715?
4
Calculate the remainder when 5135578 is divided by 5534.
26
What is the remainder when 115697 is divided by 3995?
3837
What is the remainder when 150977412 is divided by 415?
412
Calculate the remainder when 318473 is divided by 685.
633
What is the remainder when 21391977 is divided by 8353?
8297
What is the remainder when 9709762 is divided by 3619?
3604
Calculate the remainder when 24864943 is divided by 5345.
3
Calculate the remainder when 3868828 is divided by 644804.
4
Calculate the remainder when 491254 is divided by 20457.
286
What is the remainder when 620749 is divided by 45?
19
What is the remainder when 53301327 is divided by 18?
15
Calculate the remainder when 14116568 is divided by 164144.
184
What is the remainder when 1823986 is divided by 907?
9
Calculate the remainder when 5116303 is divided by 67.
49
What is the remainder when 20155 is divided by 1548?
31
What is the remainder when 152303 is divided by 1927?
70
Calculate the remainder when 1360327 is divided by 1.
0
What is the remainder when 6807789 is divided by 10?
9
Calculate the remainder when 17112 is divided by 2552.
1800
What is the remainder when 8620689 is divided by 1077586?
1
What is the remainder when 11636168 is divided by 78095?
13
What is the remainder when 9798274 is divided by 5924?
5902
Calculate the remainder when 1420347 is divided by 10.
7
Calculate the remainder when 2748744 is divided by 165.
9
What is the remainder when 2813584 is divided by 937850?
34
What is the remainder when 4009789 is divided by 4009722?
67
Calculate the remainder when 52540 is divided by 3365.
2065
Calculate the remainder when 404611362 is divided by 84.
78
What is the remainder when 4229150 is divided by 35?
30
Calculate the remainder when 495592 is divided by 3285.
2842
What is the remainder when 184563317 is divided by 26366187?
8
Calculate the remainder when 1225212 is divided by 136131.
33
Calculate the remainder when 104152 is divided by 3841.
445
Calculate the remainder when 381364 is divided by 183574.
14216
Calculate the remainder when 32420114 is divided by 4.
2
What is the remainder when 25189197 is divided by 693?
33
Calculate the remainder when 9948307 is divided by 59216.
19
What is the remainder when 29474050 is divided by 45?
40
What is the remainder when 660330 is divided by 94328?
34
What is the remainder when 1383420 is divided by 207?
39
What is the remainder when 25147 is divided by 64?
59
Calculate the remainder when 90634 is divided by 14157.
5692
What is the remainder when 9806775 is divided by 24?
15
What is the remainder when 1388193 is divided by 37496?
841
What is the remainder when 16173 is divided by 16049?
124
Calculate the remainder when 5720436 is divided by 715050.
36
What is the remainder when 6720134 is divided by 766?
16
Calculate the remainder when 14009815 is divided by 6791.
6773
What is the remainder when 267969603 is divided by 28?
27
What is the remainder when 24053 is divided by 1358?
967
What is the remainder when 12028437 is divided by 751777?
5
Calculate the remainder when 1867086 is divided by 415.
1
Calculate the remainder when 2031605 is divided by 169300.
5
Calculate the remainder when 606424 is divided by 1119.
1045
What is the remainder when 642181 is divided by 26?
7
Calculate the remainder when 1277256 is divided by 159564.
744
What is the remainder when 28878464 is divided by 131?
38
Calculate the remainder when 645842 is divided by 161449.
46
What is the remainder when 6515 is divided by 6179?
336
Calculate the remainder when 103082453 is divided by 78.
71
Calculate the remainder when 20588455 is divided by 19.
17
Calculate the remainder when 365733 is divided by 72152.
4973
Calculate the remainder when 1259440 is divided by 3782.
34
What is the remainder when 101100 is divided by 1982?
18
What is the remainder when 611515 is divided by 21?
16
Calculate the remainder when 360304 is divided by 2686.
380
What is the remainder when 5176 is divided by 2520?
136
Calculate the remainder when 420515 is divided by 163.
138
What is the remainder when 4407 is divided by 680?
327
What is the remainder when 749507855 is divided by 167?
165
Calculate the remainder when 17225 is divided by 1010.
55
What is the remainder when 59882919 is divided by 271?
49
Calculate the remainder when 155303 is divided by 51427.
1022
Calculate the remainder when 105816 is divided by 8811.
84
Calculate the remainder when 18900113 is divided by 13.
11
Calculate the remainder when 547859 is divided by 54785.
9
Calculate the remainder when 164546 is divided by 11843.
10587
Calculate the remainder when 350761772 is divided by 11408.
11404
What is the remainder when 61735867 is divided by 201094?
9
What is the remainder when 55639032 is divided by 1689?
1683
What is the remainder when 4672494 is divided by 4672479?
15
What is the remainder when 2420218 is divided by 778?
638
What is the remainder when 41914995 is divided by 2808?
2787
Calculate the remainder when 3277090 is divided by 3277014.
76
What is the remainder when 736535 is divided by 1116?
1091
What is the remainder when 8261855 is divided by 3145?
3085
Calculate the remainder when 231622 is divided by 2032.
2006
What is the remainder when 163222 is divided by 343?
297
Calculate the remainder when 3805 is divided by 1575.
655
Calculate the remainder when 615583 is divided by 12068.
115
What is the remainder when 3178910 is divided by 662?
648
Calculate the remainder when 29984 is divided by 3743.
40
What is the remainder when 110553 is divided by 55171?
211
Calculate the remainder when 152132 is divided by 3547.
3158
Calculate the remainder when 472140 is divided by 7377.
12
What is the remainder when 483258 is divided by 160828?
774
What is the remainder when 1563037 is divided by 781408?
221
What 